{"id":23,"date":"2015-07-27T16:09:21","date_gmt":"2015-07-27T15:09:21","guid":{"rendered":"http:\/\/localhost:8888\/wordpresstest\/?page_id=23"},"modified":"2017-03-09T16:58:27","modified_gmt":"2017-03-09T15:58:27","slug":"publications","status":"publish","type":"page","link":"http:\/\/s3am.ircam.fr\/index.php\/publications\/","title":{"rendered":"Publications"},"content":{"rendered":"<p><div id=\"wphal-content\"><div id=\"meta\">\n        <div class=\"display\" id=\"wphal-contact\" style=\"display: none\">\n            <h3 class=\"wphal-titre\">Contact<\/h3>\n\n            <ul id=\"wphal-cont\" style=\"list-style-type: none\"><\/ul>\n        <\/div>\n        <div class=\"display\" id=\"wphal-disciplines\" style=\"display: none\">\n            <h3 class=\"wphal-titre\">Disciplines<\/h3><\/div>\n        <div class=\"display\" id=\"wphal-keywords\" style=\"display: none\">\n            <h3 class=\"wphal-titre\">Mots-clefs<\/h3><\/div>\n        <div class=\"display\" id=\"wphal-auteurs\" style=\"display: none\">\n            <h3 class=\"wphal-titre\">Auteurs<\/h3><\/div>\n        <div class=\"display\" id=\"wphal-revues\" style=\"display: none\">\n            <h3 class=\"wphal-titre\">Revues<\/h3><\/div>\n        <div class=\"display\" id=\"wphal-annees\" style=\"display: none\">\n            <h3 class=\"wphal-titre\">Ann\u00e9e de production<\/h3><\/div>\n        <div class=\"display\" id=\"wphal-insts\" style=\"display: none\">\n            <h3 class=\"wphal-titre\">Institutions<\/h3><\/div>\n       <div class=\"display\" id=\"wphal-labs\" style=\"display: none\">\n            <h3 class=\"wphal-titre\">Laboratoires<\/h3><\/div>\n       <div class=\"display\" id=\"wphal-depts\" style=\"display: none\">\n            <h3 class=\"wphal-titre\">D\u00e9partements<\/h3><\/div>\n       <div class=\"display\" id=\"wphal-equipes\" style=\"display: none\">\n            <h3 class=\"wphal-titre\">\u00c9quipes de recherche<\/h3><\/div>\n    <div class=\"display\" id=\"publications\"><div class=\"counter-doc\"><span class=\"wphal-nbtot\">0 <\/span>documents<\/div><br><\/div>\n    <\/div>\n<\/div><div class=\"wphal-footer\"><p style=\"color:#B3B2B0\">Documents r\u00e9cup\u00e9r\u00e9s de l'archive ouverte HAL&nbsp;<a href=\"https:\/\/hal.archives-ouvertes.fr\/\" target=\"_blank\"><img decoding=\"async\" alt=\"logo\" src=\"http:\/\/s3am.ircam.fr\/wp-content\/plugins\/hal\/img\/logo-hal.svg\" style=\"width:32px\"><\/a><\/p><\/div><\/p>\n<h3>Habilitation \u00e0 diriger des recherches :<\/h3>\n<p><a href=\"http:\/\/recherche.ircam.fr\/anasyn\/helie\/hdr\/HdR_ThomasHelie.pdf\" target=\"_blank\">Thomas H\u00e9lie (pdf)<\/a> (<a href=\"http:\/\/medias.ircam.fr\/x678e0a\" target=\"_blank\">Vid\u00e9o<\/a>)<\/p>","protected":false},"excerpt":{"rendered":"<p>Habilitation \u00e0 diriger des recherches : Thomas H\u00e9lie (pdf) (Vid\u00e9o)<\/p>\n","protected":false},"author":1,"featured_media":0,"parent":0,"menu_order":0,"comment_status":"closed","ping_status":"closed","template":"","meta":{"footnotes":""},"class_list":["post-23","page","type-page","status-publish","hentry"],"_links":{"self":[{"href":"http:\/\/s3am.ircam.fr\/index.php\/wp-json\/wp\/v2\/pages\/23","targetHints":{"allow":["GET"]}}],"collection":[{"href":"http:\/\/s3am.ircam.fr\/index.php\/wp-json\/wp\/v2\/pages"}],"about":[{"href":"http:\/\/s3am.ircam.fr\/index.php\/wp-json\/wp\/v2\/types\/page"}],"author":[{"embeddable":true,"href":"http:\/\/s3am.ircam.fr\/index.php\/wp-json\/wp\/v2\/users\/1"}],"replies":[{"embeddable":true,"href":"http:\/\/s3am.ircam.fr\/index.php\/wp-json\/wp\/v2\/comments?post=23"}],"version-history":[{"count":1,"href":"http:\/\/s3am.ircam.fr\/index.php\/wp-json\/wp\/v2\/pages\/23\/revisions"}],"predecessor-version":[{"id":431,"href":"http:\/\/s3am.ircam.fr\/index.php\/wp-json\/wp\/v2\/pages\/23\/revisions\/431"}],"wp:attachment":[{"href":"http:\/\/s3am.ircam.fr\/index.php\/wp-json\/wp\/v2\/media?parent=23"}],"curies":[{"name":"wp","href":"https:\/\/api.w.org\/{rel}","templated":true}]}}