{"id":110,"date":"2015-10-08T11:15:29","date_gmt":"2015-10-08T10:15:29","guid":{"rendered":"http:\/\/localhost:8888\/wordpresstest\/?page_id=110"},"modified":"2019-01-25T18:14:37","modified_gmt":"2019-01-25T17:14:37","slug":"logiciels","status":"publish","type":"page","link":"http:\/\/s3am.ircam.fr\/index.php\/logiciels\/","title":{"rendered":"Logiciels"},"content":{"rendered":"<p><\/p>\n<h1>Logiciels :<\/h1>\n<h3>PyPHS : <span class=\"s1\"><b>une biblioth\u00e8que python open-source d\u00e9di\u00e9e \u00e0 la g\u00e9n\u00e9ration de code de simulation \u00e0 passivit\u00e9 garantie de syst\u00e8mes multiphysiques audios<\/b><\/span><\/h3>\n<p>PyPHS a \u00e9t\u00e9 pr\u00e9sent\u00e9 le 4 d\u00e9cembre dernier \u00e0 l&rsquo;IRCAM \u00e0 l&rsquo;occasion d&rsquo;un s\u00e9minaire et d&rsquo;un \u00ab\u00a0hands-on\u00a0\u00bb permettant de d\u00e9couvrir les fonctionnalit\u00e9s de cette biblioth\u00e8que d\u00e9velopp\u00e9e par Antoine Falaize suite \u00e0 ses travaux de th\u00e8se r\u00e9alis\u00e9s dans l&rsquo;\u00e9quipe.<\/p>\n<p>Plus d&rsquo;informations :<\/p>\n<p><a href=\"https:\/\/pyphs.github.io\/pyphs\/\" target=\"_blank\" rel=\"noopener\">Site web du projet<\/a><\/p>\n<p>S\u00e9minaire : <a href=\"https:\/\/medias.ircam.fr\/x152ab3\" target=\"_blank\" rel=\"noopener\">Vid\u00e9o<\/a> et <a href=\"https:\/\/afalaize.github.io\/pdfs\/171204_Seminaire_PyPHS.pdf\" target=\"_blank\" rel=\"noopener\">diaporama<\/a><\/p>\n<p><a href=\"https:\/\/medias.ircam.fr\/x4d31af\" target=\"_blank\" rel=\"noopener\">Vid\u00e9o du hands-on<\/a><\/p>\n<p><a href=\"https:\/\/afalaize.github.io\/zips\/PyPHS_TUTO_IRCAM.zip\" target=\"_blank\" rel=\"noopener\">Fichiers n\u00e9cessaires \u00e0 la r\u00e9alisation du hands-on<\/a><\/p>\n<h3 class=\"_3Nctv taFHO\"><span class=\"_1fHNK\">IRCAM &#8211; Collegium Musicae &#8211; Concert chorale &#8211; The Snail<\/span> :<\/h3>\n<p><iframe loading=\"lazy\" title=\"IRCAM - Collegium Musicae - Concert - The Snail\" src=\"https:\/\/player.vimeo.com\/video\/234452600?dnt=1&amp;app_id=122963\" width=\"648\" height=\"270\" frameborder=\"0\" allow=\"autoplay; fullscreen; picture-in-picture; clipboard-write\"><\/iframe><\/p>\n<h3>The Snail v2 :<\/h3>\n<p>Revue de presse r\u00e9alis\u00e9e \u00e0 l&rsquo;occasion de la sortie de la version 2 du Snail :<\/p>\n<p><a href=\"https:\/\/www.sequencer.de\/blog\/polyphonic-tuner-the-snail-app-stimmgerat\/31358\" target=\"_blank\" rel=\"noopener\">sequencer.de<\/a><\/p>\n<p><a href=\"https:\/\/palmsounds.net\/2017\/06\/26\/ircamlabs-snail-v2-arrives\/\" target=\"_blank\" rel=\"noopener\">palmsounds.net<\/a><\/p>\n<p><a href=\"http:\/\/rekkerd.org\/ircamlab-releases-the-snail-version-2-advanced-tuner-for-iphone\/\" target=\"_blank\" rel=\"noopener\">rekkerd.org<\/a><\/p>\n<p><a href=\"http:\/\/www.harmonycentral.com\/news\/see-what-youre-hearing\" target=\"_blank\" rel=\"noopener\">HarmonyCentral<\/a><\/p>\n<p><a href=\"http:\/\/www.kvraudio.com\/news\/ircamlab-releases-the-snail-version-2---advanced-tuner-for-iphone-37755\" target=\"_blank\" rel=\"noopener\">KVRAudio<\/a><\/p>\n<h3>SnailAnalyser\u00a0:<\/h3>\n<p><a href=\"http:\/\/www2.cnrs.fr\/presse\/communique\/4383.htm\" target=\"_blank\" rel=\"noopener\">communiqu\u00e9 de presse CNRS<\/a> (<a href=\"http:\/\/s3am.ircam.fr\/wp-content\/uploads\/2016\/01\/cp_snailanalyser.pdf\" target=\"_blank\" rel=\"noopener\">pdf<\/a>)<\/p>\n<p><iframe loading=\"lazy\" title=\"Snail presentation VF\" width=\"648\" height=\"365\" src=\"https:\/\/www.youtube.com\/embed\/giNpxulFlog?feature=oembed\" frameborder=\"0\" allow=\"accelerometer; autoplay; clipboard-write; encrypted-media; gyroscope; picture-in-picture; web-share\" referrerpolicy=\"strict-origin-when-cross-origin\" allowfullscreen><\/iframe><\/p>\n<h1>Biblioth\u00e8ques :<\/h1>\n<p><\/p>","protected":false},"excerpt":{"rendered":"<p>Logiciels : PyPHS : une biblioth\u00e8que python open-source d\u00e9di\u00e9e \u00e0 la g\u00e9n\u00e9ration de code de simulation \u00e0 passivit\u00e9 garantie de syst\u00e8mes multiphysiques audios PyPHS a \u00e9t\u00e9 pr\u00e9sent\u00e9 le 4 d\u00e9cembre dernier \u00e0 l&rsquo;IRCAM \u00e0 l&rsquo;occasion d&rsquo;un s\u00e9minaire et d&rsquo;un \u00ab\u00a0hands-on\u00a0\u00bb permettant de d\u00e9couvrir les fonctionnalit\u00e9s de cette biblioth\u00e8que d\u00e9velopp\u00e9e par Antoine Falaize suite \u00e0 ses [&hellip;]<\/p>\n","protected":false},"author":1,"featured_media":0,"parent":0,"menu_order":0,"comment_status":"closed","ping_status":"closed","template":"","meta":{"footnotes":""},"class_list":["post-110","page","type-page","status-publish","hentry"],"_links":{"self":[{"href":"http:\/\/s3am.ircam.fr\/index.php\/wp-json\/wp\/v2\/pages\/110","targetHints":{"allow":["GET"]}}],"collection":[{"href":"http:\/\/s3am.ircam.fr\/index.php\/wp-json\/wp\/v2\/pages"}],"about":[{"href":"http:\/\/s3am.ircam.fr\/index.php\/wp-json\/wp\/v2\/types\/page"}],"author":[{"embeddable":true,"href":"http:\/\/s3am.ircam.fr\/index.php\/wp-json\/wp\/v2\/users\/1"}],"replies":[{"embeddable":true,"href":"http:\/\/s3am.ircam.fr\/index.php\/wp-json\/wp\/v2\/comments?post=110"}],"version-history":[{"count":8,"href":"http:\/\/s3am.ircam.fr\/index.php\/wp-json\/wp\/v2\/pages\/110\/revisions"}],"predecessor-version":[{"id":485,"href":"http:\/\/s3am.ircam.fr\/index.php\/wp-json\/wp\/v2\/pages\/110\/revisions\/485"}],"wp:attachment":[{"href":"http:\/\/s3am.ircam.fr\/index.php\/wp-json\/wp\/v2\/media?parent=110"}],"curies":[{"name":"wp","href":"https:\/\/api.w.org\/{rel}","templated":true}]}}